lculate h(-2).
-6
Let z(w) = -15*w - 1153. Let s be z(-77). Let x(c) = -16*c**3 + 3*c**2 - c - 2. Determine x(s).
-120
Let j(u) = u**3 - 6*u**2 - 8*u - 2. Let y be -2 - ((-590)/(-5))/(-2). Let g = 85 + -135. Let f = y + g. Determine j(f).
-9
Let t(x) = -2*x**2 - 7*x**3 - 8*x**3 + 14*x**3 + 2 + 17 - 4*x**2. Calculate t(-5).
-6
Let s(o) = 12*o**2 - 41 - o**2 + 37 - 10*o**2 - 2*o. Let u = 28 + -26. Let l be 1*u/(-6)*9. Calculate s(l).
11
Let z(w) = w**3 - 9*w**2 - 4. Suppose a - 5*b - 495 = 0, 1120 - 3661 = -5*a + 3*b. Let h = -501 + a. Determine z(h).
-4
Let d(u) be the first derivative of -u**5/120 + u**4/4 - u**3/3 - 45*u - 15. Let h(w) be the third derivative of d(w). Calculate h(12).
-6
Let w(f) = -f**2 + f + 56. Let c be w(-8). Let q be ((-5)/20)/(3 - (-50)/c). Let i(s) be the second derivative of -5*s**3/6 + s**2 + s. What is i(q)?
-8
Let k(f) = -2*f - 1. Let v be (-2)/9 - 14/(-63). Let a = 3 + v. Suppose -a*u = -s + 9, 3*u - 5 = 3*s - 20. Calculate k(s).
-7
Suppose 6210*h + 20 = 6207*h + c, 4*c = 3*h + 35. Let z(g) = 20*g - 12. Give z(h).
-112
Let d(q) = q**3 + 6*q**2 + q - 6. Let y be d(-6). Let m = y - -13. Let b(o) = -431*o + 431*o - 7*o**2 + m. Calculate b(-1).
-6
Suppose 6*r + 6 = 18. Suppose 3*t - r*t + 4 = 0. Let s(g) be the second derivative of g**5/20 + g**4/4 - g**3/6 + g**2/2 - 34*g. Calculate s(t).
-11
Let g(j) = j**2 + 23*j + 48. Let t = 2622 + -2642. Calculate g(t).
-12
Let k(m) = -39*m - 125. Let l be (-27 + -1 + 32)*3/(-4). What is k(l)?
-8
Let h(k) be the first derivative of k**3 - k**2/2 - k - 1. Suppose -27*b = -10*b - 357. Suppose -6*f = b - 15. Calculate h(f).
3
Let y be (-4)/12*(-2 + -10). Suppose -2*p = 4*p + 78. Let o(l) = -12*l + 17. Let t(h) = -6*h + 8. Let q(v) = p*t(v) + 6*o(v). Determine q(y).
22
Let w(m) be the third derivative of m**5/60 + m**4/24 + 7*m**3/6 - m**2 + 744. Determine w(-7).
49
Suppose m + 2*s = -0*m + 7, 4*s = -3*m + 21. Suppose m = 4*j - 5. Let k(r) = 11*r + j - 22*r + 12*r. Calculate k(4).
7
Let j be (6 + -10)*2/(16/(-10)). Suppose -j*n = 5*q - 55, 2*n + 4*q - 8*q - 28 = 0. Let a(k) = -k**3 + 13*k**2 - 14*k + 17. What is a(n)?
-7
Let k(f) = 2*f - 133. Let t(q) = -q - 2. Let j(o) = -2*k(o) - 14*t(o). Calculate j(-30).
-6
Let i(h) be the first derivative of -h**4/4 - 4*h**3/3 + h**2/2 - 3*h + 1. Suppose 23*v - 23 - 69 = 0. Let s be (4 - (v - 3))/((-33)/44). What is i(s)?
-7
Let n be (67/4)/((-1)/(-12)). Let h = 200 - n. Let j(r) = -33*r + 11. Let t(q) = -16*q + 5. Let m(v) = -5*j(v) + 11*t(v). What is m(h)?
11
Let t be (-23)/92*4/(-5) - (-475)/125. Let a(n) be the second derivative of -1/20*n**5 + 0 + n**3 - 27*n + 1/2*n**t - 2*n**2. Calculate a(7).
-11
Let i(r) = r**3 - 36*r**2 - 40*r + 114. Let v be i(37). Suppose -3*p = -v, -10 = -b + 6*b - 5*p. Let g(m) = 8*m - 1. Give g(b).
-9
Let q = 734 + -735. Let i(c) = -2*c**3 - c**2 + c + 2. Let b(s) = -5*s**3 - 4*s**2 + 7*s + 6. Let j(l) = q*b(l) + 2*i(l). What is j(-3)?
4
Let p(i) = 3*i + 13. Suppose v + 3*x = 1, -10*x = 2*v - 11*x - 16. Let k(g) = 9*g + 46. Let q(d) = v*p(d) - 2*k(d). Give q(0).
-1
Suppose -8 = -2*p - 2*p. Let m(b) be the third derivative of -b**5/60 + b**4/8 - 37*b**3/6 + 17*b**2. Let s(a) be the first derivative of m(a). Determine s(p).
-1
Let s(d) be the first derivative of d**3/3 + 5*d**2/2 + 5*d + 2. Suppose 0 = 8*t + 2*t. Suppose t = -2*w - 75 + 67. Calculate s(w).
1
Let v(k) = -k**2 - 30*k + 7. Let p(a) = a**2 + 27*a - 12. Let f(b) = 3*p(b) + 2*v(b). Determine f(-22).
0
Let i(x) be the second derivative of x**6/180 - 7*x**5/120 + 7*x**4/24 + 28*x**3/3 + 45*x. Let s(b) be the second derivative of i(b). Determine s(5).
22
Suppose 185 = -7*p + 1123. Suppose p - 84 = 25*n. Let z(d) be the second derivative of -2*d**3/3 - d. Give z(n).
-8
Suppose -8*z + 5*z = 21. Suppose -2*l + 3*h + 20888 = 0, -5*h + 12719 = -5*l + 64939. Let c(d) = 10443*d**2 - 9*d + 2 - 1 - l*d**2. Give c(z).
15
Suppose 0 = -3*n + 3*f + 39, 67 = 3*n + 4*f - 0. Suppose -27 = 26*w - n*w. Let z(m) = -5*m**3 - m + 4 + 6*m**3 + 2*m**2 - m. Determine z(w).
1
Let o(y) = 2*y**2 - 8*y - 12. Let u(x) = x + 1. Let h(r) = -o(r) - 10*u(r). Determine h(2).
-10
Let r(y) be the third derivative of 0*y - 1/12*y**4 + 0 + 1/3*y**3 + 31*y**2. Determine r(0).
2
Let w = -1315 + 1312. Let j(m) = -6*m - 12. Determine j(w).
6
Let n(s) be the second derivative of -s**4/6 - 2*s**3/3 + 5*s**2 - 45*s - 14. Give n(-5).
-20
Let q = 14025 + -14012. Let a(z) = 6*z**2 - 80*z + 20. What is a(q)?
-6
Let x(m) = -60 + 4429*m**2 + 11*m - 8854*m**2 + 4426*m**2 + 14*m. Give x(-27).
-6
Let b(h) = 3*h**2 - 26*h + 12. Let n = 15562 + -15553. Calculate b(n).
21
Let k = 55 - -24. Let w(s) = 56*s + 1 + 47*s - k*s. Give w(-1).
-23
Let j = 288 - 170. Let r = -83 + j. Suppose -5*u - r = -5*k, -k = u - 3*k + 10. Let a(v) = v + 1. Determine a(u).
-3
Let g(f) = 3*f + 5. Let q be (18/3 + -5)/(2/(-20)). Let p be (21/6)/(-7)*q. Suppose p*k + 6 + 19 = 0. What is g(k)?
-10
Suppose -1067*w - 187 = -1056*w. Let h(b) = b**2 + 14*b + 13. Determine h(w).
64
Let c(p) = 8*p**2 + p + 1. Suppose -2*i + 6*y - y = -18, 8 = -2*y. Let d be c(i). Suppose -4*s = -w - 4*w + d, -3*w - 8 = 4*s. Let l(a) = 2*a. Calculate l(s).
-4
Let x(m) = m**2 - m - 8. Let a(u) = u + 1. Let j(n) = 4*a(n) + x(n). Suppose 2*h = -z + 454, -5*z = -h - h - 2330. Let c = -467 + z. What is j(c)?
-4
Let t(r) = -24*r**3 - 29*r**2 - 37*r - 4. Let a(v) = 13*v**3 + 17*v**2 + 19*v + 2. Let f(j) = 11*a(j) + 6*t(j). What is f(12)?
-14
Let n(h) be the third derivative of h**6/120 - 13*h**5/60 - 13*h**4/24 - 5*h**3/3 + 18*h**2. Suppose 17*c - 52 = -4*o + 18*c, 2*o = -3*c + 40. What is n(o)?
4
Let r(l) = l**3 + 5*l**2 - 3*l - 11. Let j = 246 + -366. Let h = 133 + j. Let o(f) = 2*f**3 + 10*f**2 - 5*f - 23. Let g(n) = h*r(n) - 6*o(n). Calculate g(-6).
13
Let l be ((-4 - -1) + 3)/(-2). Suppose l = 4*t + w + w + 36, -36 = 5*t - 2*w. Let v = 2 + t. Let z(x) = x**2 + 7*x - 1. What is z(v)?
-7
Let s(k) = -28*k - 139. Let m be s(-5). Let f(y) = 4*y**2 - 1. Calculate f(m).
3
Let i(b) = -735 - 4*b + 5*b + 0*b + 748. Let k be -4 + (-3 - (-4 + 8)). Calculate i(k).
2
Let q(d) = d**3 - 4*d**2 - 7*d. Suppose 657 - 783 = -21*v. Determine q(v).
30
Let w(b) = -2*b**2 + 1. Let k(u) = -5 - 10 - 11*u - 207*u**2 - 2*u**3 + 188*u**2. Let m be k(-9). Calculate w(m).
-17
Let p(y) be the first derivative of 0*y**2 - 1/4*y**4 - 85 - 10*y + 4*y**3. Give p(12).
-10
Suppose -46*m = 44*m + 695 + 115. Let x(t) = -t**3 - 7*t**2 + 16*t - 19. Calculate x(m).
-1
Let a(v) = -2*v - 8. Let o be (-1090)/80 - 6/16 - -7. Determine a(o).
6
Let u(h) = -40*h**2 - 36*h**2 - 46*h**2 - 2 + 123*h**2 - 1 - 4*h. Suppose 4*g - 2*g - 10 = 0. Determine u(g).
2
Let w(o) be the third derivative of -o**6/120 - 11*o**5/60 - 11*o**4/24 - o**3/2 - 1019*o**2. What is w(-9)?
-66
Let r(s) = -5979*s**2 - 33 - 5955*s**2 - s**3 + 11925*s**2 - 12*s. Give r(-8).
-1
Let z(r) = -r**3 + 10*r**2 + 14*r - 2. Let w(o) = o**3 + 2*o**2 + 10*o + 136. Let l be w(-5). What is z(l)?
31
Let w(g) = -12*g - 12*g + 4*g**3 + 9*g**2 - 2 + 17*g - 5*g**3. Let j(l) = -5*l**3 + 45*l**2 - 34*l - 11. Let z(r) = -2*j(r) + 11*w(r). Calculate z(8).
-8
Let n(p) be the first derivative of -p**3/3 - 7*p**2/2 + p + 1. Let q(s) = 32*s**3 + 2*s**2 - 6*s + 6. Let x be q(2). Let j = x - 265. Determine n(j).
1
Let h(s) = s + 350 - 110 - 120 - 121. Determine h(14).
13
Let y(x) be the third derivative of -x**6/120 - 2*x**5/15 + x**4/12 + 2*x**3 - 17*x**2 + 42. Give y(-8).
-4
Let n(j) = j**3 - 4*j**2 - 23*j + 17. Let y be n(7). Suppose 0 = 2*h + 13 - y. Let q(t) = -t**2 + 1. Calculate q(h).
-24
Let m be 3/((-9)/(-3))*1. Let y(d) = 2*d**2 - m - 11*d + 16*d - 26*d**3 + 27*d**3 - 8*d. Calculate y(-3).
-1
Suppose -4*k + 19 = -t, -4*k + 5*t + 22 = 7*t. Let z(r) = 2*r**2 - 13*r + 5. Calculate z(k).
-10
Let k(u) be the second derivative of 5/6*u**4 + 0 - 6*u**2 + 1/20*u**5 + 7/6*u**3 + 77*u. Let r = 5 - 14. What is k(r)?
6
Let j = -2388 - -2383. Let f(i) = 9*i + 21. Determine f(j).
-24
Let m = 8164 - 8161. Let d(p) = p**3 - 4*p**2 + 12*p - 16. What is d(m)?
11
Let b(l) = -6 + 15 + 8*l + l**2 - 5. Let n(g) = -g**3 + 37*g**2 - 70*g - 4. Let x be n(35). Calculate b(x).
-12
Let r(x) = -7*x**2 + 26*x + 6. Let o(c) = -4*c**2 + 13*c + 4. Let m(y) = 5*o(y) - 3*r(y). Calculate m(6)